prime factors of l.
2, 11
Let f(j) = j**3 - 8*j**2 - 2*j - 7. Let x be f(8). Let v(a) = a**3 - 2*a**2 - 5*a + 4. Let i be v(3). Let m = i - x. What are the prime factors of m?
3, 7
Suppose -23*g + 4068 = -11*g. What are the prime factors of g?
3, 113
Suppose -5*i + 43 = -32. Let j be i/7 - 1/7. Suppose -2*c + 4*k = -70, -3*c = 5*k - 96 + j. What are the prime factors of c?
3, 11
Let i(o) = o**3 - 3*o**2 - 2*o + 7. Let g be i(3). What are the prime factors of 12/g + (-2 - -6)?
2
Suppose 10*t = 7*t + 12. Suppose 4*s - 29 = -t*j + 251, 360 = 5*j + 3*s. List the prime factors of j.
3, 5
Let v be -4 + 0 - -7*1. Suppose -v*g - 1 = -4, -3*x - 5*g = 67. Let k = x - -62. List the prime factors of k.
2, 19
What are the prime factors of (-435 - 2)/(1*(-3)/3)?
19, 23
Let l(u) = -4*u**3 - 3*u**2 - 6*u - 6. Let q be l(-2). What are the prime factors of 12/(-78) + 888/q?
2, 17
List the prime factors of 2 + 40/(-15)*-222.
2, 3, 11
Let r = 4 + -2. Suppose 4*z - v - 2*v = 100, 2*z = v + 48. Suppose r*c = 3*c - z. List the prime factors of c.
2, 11
Let a(v) = -v**2 + 15*v + 30. Let d be a(17). What are the prime factors of 0*2/d - 1470/(-21)?
2, 5, 7
Suppose 5 = -7*z + 2*z - 5*x, 0 = z + 4*x + 4. Suppose -u - 5*j = -z*u - 165, 0 = u + 4*j - 162. Suppose -3*y = 2*y - u. List the prime factors of y.
2, 3, 5
Let v(r) = -r**3 + 8*r**2 + 2. Let c be v(8). Suppose 2*s = 4*o - 44, -c*s = o + 9 + 15. Let t = s - -19. What are the prime factors of t?
5
Suppose -5*u + 8 - 1 = -2*g, -4*u = -5*g - 9. Let h be (-2 - u)/(6/(-4)). Suppose -w = -h*f - 23, f = -w - 4*w + 82. What are the prime factors of w?
17
Let d(f) = -17*f - 6. Let z be 37/(-5) - (-6)/15. List the prime factors of d(z).
113
List the prime factors of ((-2046)/(-24))/(110/(-16) + 7).
2, 11, 31
Let s = -7 - -6. Let b be (-1 + 1309/14)/((-2)/4). List the prime factors of s*b/((-15)/(-3)).
37
Let g = -13 + 4. Let d = 26 + g. Let b = d - -3. What are the prime factors of b?
2, 5
Let r(j) = -2*j + 33. Let f(u) = u - 16. Let s(y) = -7*f(y) - 3*r(y). Let x = -231 + 242. What are the prime factors of s(x)?
2
Let s(d) = -d**2 + 7 - 3 + 9*d - 3 + 6. Let j be s(7). List the prime factors of (j/15)/(3/15).
7
Let j(b) = -2*b**2 + 6*b + 9. Let w(p) = -p**2 + 3*p + 4. Let l(u) = 6*j(u) - 11*w(u). Let h be l(6). List the prime factors of 2 - h/(-4) - -2.
2
Suppose 6*r - 8*r = 0. Suppose -i - 2*z = 5, 3*i = -5*z - r*z - 10. Suppose 0 = -i*w + 6*w - 47. List the prime factors of w.
47
Let n = -4 - -7. Suppose 5*v - 158 = n*v. Let l = v + -55. List the prime factors of l.
2, 3
Suppose -4*k - 2444 = 4*y, k = -k - 2. List the prime factors of ((-12)/30)/(4/y).
61
Suppose -7*r + 12 = -5*r. Suppose a - 10 = r. Suppose 3*d + a = 76. What are the prime factors of d?
2, 5
Let q = 1926 - 143. What are the prime factors of q?
1783
Let r = 1014 - 657. List the prime factors of r.
3, 7, 17
Let x = -29 - -45. What are the prime factors of (-36)/(-8)*x/12?
2, 3
Let v = 1387 + -722. What are the prime factors of v?
5, 7, 19
List the prime factors of (-1 - 565)/(3 + (-15 - -11)).
2, 283
List the prime factors of ((-193479)/22)/(-41)*(-44)/(-6).
11, 13
Suppose 3*r - 21 = -4*r. Suppose 3*u - 9 = -r. Suppose u*w = w + 55. What are the prime factors of w?
5, 11
Let i(a) = a**2 - a. Let w(c) = -c**2 - 3*c - 1. Let d(o) = 3*i(o) - w(o). Let v be d(-3). Suppose 5*g - p = -5*p + v, p = 2*g - 7. List the prime factors of g.
5
Let d be 141/(0 + (2 - 1)). Suppose -4*b = b - 20. List the prime factors of 3/(d/33 - b).
11
Let j(c) = 2582*c + 7. List the prime factors of j(1).
3, 863
Let m(n) = 5*n**2 - 2*n + 2*n**2 + 16 - 8*n**2. What are the prime factors of m(0)?
2
Let p(y) = y + 5. Let x be p(-9). Let o be (x/5)/(3/(-510)). Suppose 4*h = -3*b + o, -b = -2*h + 12 + 46. List the prime factors of h.
31
Let u(v) = -2*v**3 + 5*v**2 - 3*v - 60. Let h(w) = -3*w**3 + 6*w**2 - 4*w - 59. Let g(b) = 3*h(b) - 4*u(b). What are the prime factors of g(0)?
3, 7
Let i(f) = -22*f**3 - 7*f**2 - 44*f - 207. What are the prime factors of i(-5)?
2, 647
Suppose -v + 4*p = -2311, 2*p + 1904 = -3*v + 8823. What are the prime factors of v?
3, 769
Let z(u) = 44*u**3 - u**2 + 2*u - 12. What are the prime factors of z(3)?
3, 17, 23
Let k be 337 - (0 - (-3)/1). Suppose 0 = -3*u - 5*l + k, -3*u + 338 = -l + 2*l. What are the prime factors of u?
113
Let r = 141 + -76. Suppose 0 = 5*v - 5*o - 5, -4 + 0 = -4*o. Suppose q + m - r = -q, 2*m - 62 = -v*q. What are the prime factors of q?
2, 17
Let r(a) = -999*a + 3. Let p be r(-1). What are the prime factors of p/18 + 3/9?
2, 7
Suppose 3*p - 60 = -p. Suppose 9*l - 4*l + 27 = -2*q, -5*q + 4*l + p = 0. What are the prime factors of 6 - (q - 2 - -2)?
7
Suppose 0 = -2*o - f - 13, 4*o - 4*f + 30 - 10 = 0. List the prime factors of (-359)/o - (-2)/12.
2, 3, 5
Suppose -4*n = -4*h - 16, -3*n - h + 9 = -3*h. Suppose -3*y - t - 9 = -7, 3*y + 10 = -5*t. List the prime factors of 35 + (2 - y) - n.
2, 3
Suppose 2*a + 342 = -3*a + 2*y, 4*a = -y - 284. Let z = a - -121. What are the prime factors of z?
3, 17
Let k(y) = 4*y**2 - 2*y - 4. Let o be k(3). Let h(g) = 10*g - 47. Let f be h(5). Suppose -3*v = 5*r - 148, -f*r + o = v - 26. What are the prime factors of v?
2, 23
What are the prime factors of (1275 + 4)*(5 + -4)?
1279
Let v(y) = -3*y - 52. Let g be v(-15). Let u(n) = 2*n + 34. What are the prime factors of u(g)?
2, 5
Let j(u) = -u**3 - 8*u**2 + 30*u + 15. List the prime factors of j(-18).
3, 5, 181
Let b(i) = -47*i - 24. List the prime factors of b(-6).
2, 3, 43
Suppose 719 = i - 3*r, i - 4*r - 717 = -0*r. List the prime factors of i.
5, 29
Let p(x) = -10*x**2 + 14*x**2 + 4*x - 5*x**2 - 2. Let s be p(4). List the prime factors of 6 - s*(3 + -4).
2
Let w(a) = a**2 - 10*a + 14. Let b(n) = 2*n + 7. Let k be b(-9). Let i be (0 + -2)/(2/k). What are the prime factors of w(i)?
5
Let s = 670 - -1457. What are the prime factors of s?
3, 709
Let d(x) = 2*x**2 - 4*x + 99. Let s(j) = -3*j**2 + 8*j - 197. Let h(t) = -5*d(t) - 3*s(t). List the prime factors of h(0).
2, 3
Let d(i) = 5 + 178*i**2 + 56*i**2 + 3*i - 7 + 1. What are the prime factors of d(1)?
2, 59
Suppose 4 = o - 2. Let a be (-1*(-28)/7)/(-1). List the prime factors of (o/a)/((-6)/172).
43
Let p = -522 - -1182. What are the prime factors of p?
2, 3, 5, 11
Suppose 12*z - 2074 = 14882. What are the prime factors of z?
3, 157
Let k(i) = -i. Let x be k(-12). Suppose x*n - 592 = -4*n. What are the prime factors of n?
37
List the prime factors of -1 - (2485/15)/((-2)/12).
3, 331
Suppose s + 0*s = 0. Suppose s = 4*v - 3*q - 7 - 1, -v = -4*q - 15. What are the prime factors of 0/((-3)/v) - -10?
2, 5
Let y(p) = p - 1. Let q(v) = -5*v + 6. Let o(w) = -q(w) - 4*y(w). Let i be o(8). Suppose -n + 9 + i = 0. What are the prime factors of n?
3, 5
Suppose t = -2*r - 3*t + 2, 2*t = -5*r + 21. Suppose -u = r*c - 89, 2*c + 4*u + 12 - 62 = 0. What are the prime factors of c?
17
List the prime factors of 22662/15 + (-95)/25 + 4.
1511
Let t be ((-1302)/(-12))/((-4)/(-8)). List the prime factors of (0 - (3 - -1)) + t.
3, 71
Let k(u) = u - 7. Let g be k(-5). Let f = -11 - g. What are the prime factors of f*-28*24/(-32)?
3, 7
Let r = -566 - -570. Let m(f) = f**2 + 5*f - 3. Let u be m(-6). Suppose u*h - 55 = r*s - 2*s, 2*s = -10. What are the prime factors of h?
3, 5
Let t = -26 - -29. Suppose 2*r + 7*o = 2*o + 165, 2*r + t*o - 167 = 0. What are the prime factors of r?
5, 17
Let g(m) = m**3 - 6*m**2 + 19*m - 8. Let d be g(5). Let y = 30 + d. What are the prime factors of y?
2, 23
Suppose -10*y + 28*y = 34974. List the prime factors of y.
29, 67
Suppose 9 - 24 = -3*y. Suppose -2*b - y*z = -199 - 393, -b + 3*z = -307. List the prime factors of b.
7, 43
Let f(h) be the second derivative of -h**3/6 + 9*h**2 + 6*h. Let v be f(16). Suppose 0 = v*o + 4*o - 156. List the prime factors of o.
2, 13
Let d be ((-18)/9)/((-2)/4). Suppose 0 = -3*g - 4*s + 459, -d*g = 5*s - 454 - 157. Let r = -81 + g. List the prime factors of r.
2, 17
Let r be (4/(-6))/(3/(-9)). Suppose 0 = -r*j - j. Suppose j = -3*y - 15 + 141. What are the prime factors of y?
2, 3, 7
Let d(v) = -v - 1. Let t(y) = 4*y + 26. Let m(r) = -d(r) - t(r). Let f(b) = -b - 6. Let x(w) = 26*f(w) - 6*m(w). List the prime factors of x(-3).
2, 3
Let u(o) = -o**3 + 12*o**2 - 19*